{"id":285,"date":"2020-06-25T20:49:22","date_gmt":"2020-06-25T18:49:22","guid":{"rendered":"http:\/\/armanjuegosyparques.com\/?page_id=285"},"modified":"2024-04-18T19:34:08","modified_gmt":"2024-04-18T17:34:08","slug":"juego-de-cuerdas","status":"publish","type":"page","link":"https:\/\/armanjuegosyparques.com\/index.php\/juego-de-cuerdas\/","title":{"rendered":"Juego de Cuerdas"},"content":{"rendered":"\t\t<div data-elementor-type=\"wp-page\" data-elementor-id=\"285\" class=\"elementor elementor-285\">\n\t\t\t\t\t\t<section class=\"elementor-section elementor-top-section elementor-element elementor-element-4cf42ea elementor-section-boxed elementor-section-height-default elementor-section-height-default\" data-id=\"4cf42ea\" data-element_type=\"section\">\n\t\t\t\t\t\t<div class=\"elementor-container elementor-column-gap-default\">\n\t\t\t\t\t<div class=\"elementor-column elementor-col-100 elementor-top-column elementor-element elementor-element-fd5a2e0\" data-id=\"fd5a2e0\" data-element_type=\"column\">\n\t\t\t<div class=\"elementor-widget-wrap elementor-element-populated\">\n\t\t\t\t\t\t<div class=\"elementor-element elementor-element-e199cea elementor-widget elementor-widget-image\" data-id=\"e199cea\" data-element_type=\"widget\" data-widget_type=\"image.default\">\n\t\t\t\t<div class=\"elementor-widget-container\">\n\t\t\t\t\t\t\t\t\t\t\t\t\t<img fetchpriority=\"high\" decoding=\"async\" width=\"785\" height=\"720\" src=\"https:\/\/armanjuegosyparques.com\/wp-content\/uploads\/2023\/10\/WhatsApp-Image-2023-06-28-at-11.15.45-AM.jpeg\" class=\"attachment-large size-large wp-image-765\" alt=\"\" srcset=\"https:\/\/armanjuegosyparques.com\/wp-content\/uploads\/2023\/10\/WhatsApp-Image-2023-06-28-at-11.15.45-AM.jpeg 785w, https:\/\/armanjuegosyparques.com\/wp-content\/uploads\/2023\/10\/WhatsApp-Image-2023-06-28-at-11.15.45-AM-300x275.jpeg 300w, https:\/\/armanjuegosyparques.com\/wp-content\/uploads\/2023\/10\/WhatsApp-Image-2023-06-28-at-11.15.45-AM-768x704.jpeg 768w\" sizes=\"(max-width: 785px) 100vw, 785px\" \/>\t\t\t\t\t\t\t\t\t\t\t\t\t<\/div>\n\t\t\t\t<\/div>\n\t\t\t\t\t<\/div>\n\t\t<\/div>\n\t\t\t\t\t<\/div>\n\t\t<\/section>\n\t\t\t\t<section class=\"elementor-section elementor-top-section elementor-element elementor-element-4f1117b elementor-section-boxed elementor-section-height-default elementor-section-height-default\" data-id=\"4f1117b\" data-element_type=\"section\">\n\t\t\t\t\t\t<div class=\"elementor-container elementor-column-gap-default\">\n\t\t\t\t\t<div class=\"elementor-column elementor-col-100 elementor-top-column elementor-element elementor-element-6b9b40b\" data-id=\"6b9b40b\" data-element_type=\"column\">\n\t\t\t<div class=\"elementor-widget-wrap elementor-element-populated\">\n\t\t\t\t\t\t<div class=\"elementor-element elementor-element-bb9ebb3 elementor-invisible elementor-widget elementor-widget-heading\" data-id=\"bb9ebb3\" data-element_type=\"widget\" data-settings=\"{&quot;_animation&quot;:&quot;fadeInDown&quot;}\" data-widget_type=\"heading.default\">\n\t\t\t\t<div class=\"elementor-widget-container\">\n\t\t\t<h2 class=\"elementor-heading-title elementor-size-default\">Juegos de Cuerdas para parques infantiles<\/h2>\t\t<\/div>\n\t\t\t\t<\/div>\n\t\t\t\t\t<\/div>\n\t\t<\/div>\n\t\t\t\t\t<\/div>\n\t\t<\/section>\n\t\t\t\t<section class=\"elementor-section elementor-top-section elementor-element elementor-element-eb5161b elementor-section-boxed elementor-section-height-default elementor-section-height-default\" data-id=\"eb5161b\" data-element_type=\"section\">\n\t\t\t\t\t\t<div class=\"elementor-container elementor-column-gap-default\">\n\t\t\t\t\t<div class=\"elementor-column elementor-col-50 elementor-top-column elementor-element elementor-element-724ac30\" data-id=\"724ac30\" data-element_type=\"column\">\n\t\t\t<div class=\"elementor-widget-wrap elementor-element-populated\">\n\t\t\t\t\t\t<div class=\"elementor-element elementor-element-092438e elementor-invisible elementor-widget elementor-widget-image\" data-id=\"092438e\" data-element_type=\"widget\" data-settings=\"{&quot;_animation&quot;:&quot;fadeInLeft&quot;}\" data-widget_type=\"image.default\">\n\t\t\t\t<div class=\"elementor-widget-container\">\n\t\t\t\t\t\t\t\t\t\t\t\t\t<img decoding=\"async\" width=\"1020\" height=\"765\" src=\"https:\/\/armanjuegosyparques.com\/wp-content\/uploads\/2024\/04\/WhatsApp-Image-2023-05-23-at-9.44.08-AM-1024x768.jpeg\" class=\"attachment-large size-large wp-image-873\" alt=\"\" srcset=\"https:\/\/armanjuegosyparques.com\/wp-content\/uploads\/2024\/04\/WhatsApp-Image-2023-05-23-at-9.44.08-AM-scaled.jpeg 1024w, https:\/\/armanjuegosyparques.com\/wp-content\/uploads\/2024\/04\/WhatsApp-Image-2023-05-23-at-9.44.08-AM-300x225.jpeg 300w, https:\/\/armanjuegosyparques.com\/wp-content\/uploads\/2024\/04\/WhatsApp-Image-2023-05-23-at-9.44.08-AM-768x576.jpeg 768w\" sizes=\"(max-width: 1020px) 100vw, 1020px\" \/>\t\t\t\t\t\t\t\t\t\t\t\t\t<\/div>\n\t\t\t\t<\/div>\n\t\t\t\t<div class=\"elementor-element elementor-element-5967a19 elementor-invisible elementor-widget elementor-widget-text-editor\" data-id=\"5967a19\" data-element_type=\"widget\" data-settings=\"{&quot;_animation&quot;:&quot;fadeInDown&quot;}\" data-widget_type=\"text-editor.default\">\n\t\t\t\t<div class=\"elementor-widget-container\">\n\t\t\t\t\t\t\t<p>Son juegos infantiles que se presentan en distintos grados de dificultad, adaptados a diversas edades, poniendo a prueba su equilibrio y agilidad a la vez que desarrollan su concentraci\u00f3n y coordinaci\u00f3n.\u00a0<\/p>\t\t\t\t\t\t<\/div>\n\t\t\t\t<\/div>\n\t\t\t\t\t<\/div>\n\t\t<\/div>\n\t\t\t\t<div class=\"elementor-column elementor-col-50 elementor-top-column elementor-element elementor-element-0c71a32\" data-id=\"0c71a32\" data-element_type=\"column\">\n\t\t\t<div class=\"elementor-widget-wrap elementor-element-populated\">\n\t\t\t\t\t\t<div class=\"elementor-element elementor-element-dbecafb elementor-invisible elementor-widget elementor-widget-image\" data-id=\"dbecafb\" data-element_type=\"widget\" data-settings=\"{&quot;_animation&quot;:&quot;fadeInRight&quot;}\" data-widget_type=\"image.default\">\n\t\t\t\t<div class=\"elementor-widget-container\">\n\t\t\t\t\t\t\t\t\t\t\t\t\t<img decoding=\"async\" width=\"768\" height=\"1024\" src=\"https:\/\/armanjuegosyparques.com\/wp-content\/uploads\/2020\/06\/WhatsApp-Image-2020-06-25-at-1.51.18-PM-1-min-768x1024.jpeg\" class=\"attachment-large size-large wp-image-294\" alt=\"\" srcset=\"https:\/\/armanjuegosyparques.com\/wp-content\/uploads\/2020\/06\/WhatsApp-Image-2020-06-25-at-1.51.18-PM-1-min.jpeg 768w, https:\/\/armanjuegosyparques.com\/wp-content\/uploads\/2020\/06\/WhatsApp-Image-2020-06-25-at-1.51.18-PM-1-min-225x300.jpeg 225w\" sizes=\"(max-width: 768px) 100vw, 768px\" \/>\t\t\t\t\t\t\t\t\t\t\t\t\t<\/div>\n\t\t\t\t<\/div>\n\t\t\t\t\t<\/div>\n\t\t<\/div>\n\t\t\t\t\t<\/div>\n\t\t<\/section>\n\t\t\t\t<section class=\"elementor-section elementor-top-section elementor-element elementor-element-ae4eaf8 elementor-section-boxed elementor-section-height-default elementor-section-height-default\" data-id=\"ae4eaf8\" data-element_type=\"section\">\n\t\t\t\t\t\t<div class=\"elementor-container elementor-column-gap-default\">\n\t\t\t\t\t<div class=\"elementor-column elementor-col-100 elementor-top-column elementor-element elementor-element-61eaa22\" data-id=\"61eaa22\" data-element_type=\"column\">\n\t\t\t<div class=\"elementor-widget-wrap elementor-element-populated\">\n\t\t\t\t\t\t<div class=\"elementor-element elementor-element-248d77d elementor-widget elementor-widget-spacer\" data-id=\"248d77d\" data-element_type=\"widget\" data-widget_type=\"spacer.default\">\n\t\t\t\t<div class=\"elementor-widget-container\">\n\t\t\t\t\t<div class=\"elementor-spacer\">\n\t\t\t<div class=\"elementor-spacer-inner\"><\/div>\n\t\t<\/div>\n\t\t\t\t<\/div>\n\t\t\t\t<\/div>\n\t\t\t\t\t<\/div>\n\t\t<\/div>\n\t\t\t\t\t<\/div>\n\t\t<\/section>\n\t\t\t\t<section class=\"elementor-section elementor-top-section elementor-element elementor-element-64ff641 elementor-section-boxed elementor-section-height-default elementor-section-height-default\" data-id=\"64ff641\" data-element_type=\"section\">\n\t\t\t\t\t\t<div class=\"elementor-container elementor-column-gap-default\">\n\t\t\t\t\t<div class=\"elementor-column elementor-col-100 elementor-top-column elementor-element elementor-element-fd021ae\" data-id=\"fd021ae\" data-element_type=\"column\">\n\t\t\t<div class=\"elementor-widget-wrap elementor-element-populated\">\n\t\t\t\t\t\t<div class=\"elementor-element elementor-element-236b657 elementor-invisible elementor-widget elementor-widget-image\" data-id=\"236b657\" data-element_type=\"widget\" data-settings=\"{&quot;_animation&quot;:&quot;fadeInRight&quot;}\" data-widget_type=\"image.default\">\n\t\t\t\t<div class=\"elementor-widget-container\">\n\t\t\t\t\t\t\t\t\t\t\t\t\t<img loading=\"lazy\" decoding=\"async\" width=\"759\" height=\"1024\" src=\"https:\/\/armanjuegosyparques.com\/wp-content\/uploads\/2024\/04\/WhatsApp-Image-2022-07-09-at-11.36.47-AM-2-759x1024.jpeg\" class=\"attachment-large size-large wp-image-875\" alt=\"\" srcset=\"https:\/\/armanjuegosyparques.com\/wp-content\/uploads\/2024\/04\/WhatsApp-Image-2022-07-09-at-11.36.47-AM-2-scaled.jpeg 759w, https:\/\/armanjuegosyparques.com\/wp-content\/uploads\/2024\/04\/WhatsApp-Image-2022-07-09-at-11.36.47-AM-2-222x300.jpeg 222w, https:\/\/armanjuegosyparques.com\/wp-content\/uploads\/2024\/04\/WhatsApp-Image-2022-07-09-at-11.36.47-AM-2-768x1036.jpeg 768w\" sizes=\"(max-width: 759px) 100vw, 759px\" \/>\t\t\t\t\t\t\t\t\t\t\t\t\t<\/div>\n\t\t\t\t<\/div>\n\t\t\t\t\t<\/div>\n\t\t<\/div>\n\t\t\t\t\t<\/div>\n\t\t<\/section>\n\t\t\t\t<section class=\"elementor-section elementor-top-section elementor-element elementor-element-63c2adc elementor-section-boxed elementor-section-height-default elementor-section-height-default\" data-id=\"63c2adc\" data-element_type=\"section\">\n\t\t\t\t\t\t<div class=\"elementor-container elementor-column-gap-default\">\n\t\t\t\t\t<div class=\"elementor-column elementor-col-100 elementor-top-column elementor-element elementor-element-3fbb838\" data-id=\"3fbb838\" data-element_type=\"column\">\n\t\t\t<div class=\"elementor-widget-wrap elementor-element-populated\">\n\t\t\t\t\t\t<div class=\"elementor-element elementor-element-8d813fa elementor-invisible elementor-widget elementor-widget-text-editor\" data-id=\"8d813fa\" data-element_type=\"widget\" data-settings=\"{&quot;_animation&quot;:&quot;fadeInDown&quot;}\" data-widget_type=\"text-editor.default\">\n\t\t\t\t<div class=\"elementor-widget-container\">\n\t\t\t\t\t\t\t<p>\u00a0Los juegos de cuerda y equilibrio son muy importantes para el desarrollo del ni\u00f1o. Con los juegos de trepa, los ni\u00f1os fortalecen sus m\u00fasculos de la espalda, tronco, desarrollan su capacidad motora y estructura posicional. Las estructuras de trepa y equilibrio son muy recomendadas en los parques infantiles porque ayudan a despertar diferentes est\u00edmulos en los m\u00e1s peque\u00f1os.<\/p>\t\t\t\t\t\t<\/div>\n\t\t\t\t<\/div>\n\t\t\t\t\t<\/div>\n\t\t<\/div>\n\t\t\t\t\t<\/div>\n\t\t<\/section>\n\t\t\t\t<section class=\"elementor-section elementor-top-section elementor-element elementor-element-85914cf elementor-section-boxed elementor-section-height-default elementor-section-height-default\" data-id=\"85914cf\" data-element_type=\"section\">\n\t\t\t\t\t\t<div class=\"elementor-container elementor-column-gap-default\">\n\t\t\t\t\t<div class=\"elementor-column elementor-col-100 elementor-top-column elementor-element elementor-element-4673ebd\" data-id=\"4673ebd\" data-element_type=\"column\">\n\t\t\t<div class=\"elementor-widget-wrap\">\n\t\t\t\t\t\t\t<\/div>\n\t\t<\/div>\n\t\t\t\t\t<\/div>\n\t\t<\/section>\n\t\t\t\t<section class=\"elementor-section elementor-top-section elementor-element elementor-element-dce4b82 elementor-section-content-middle elementor-section-boxed elementor-section-height-default elementor-section-height-default\" data-id=\"dce4b82\" data-element_type=\"section\">\n\t\t\t\t\t\t<div class=\"elementor-container elementor-column-gap-no\">\n\t\t\t\t\t<div class=\"elementor-column elementor-col-50 elementor-top-column elementor-element elementor-element-b95b17d\" data-id=\"b95b17d\" data-element_type=\"column\" data-settings=\"{&quot;background_background&quot;:&quot;classic&quot;}\">\n\t\t\t<div class=\"elementor-widget-wrap elementor-element-populated\">\n\t\t\t\t\t\t<div class=\"elementor-element elementor-element-c8b8cd5 elementor-widget elementor-widget-heading\" data-id=\"c8b8cd5\" data-element_type=\"widget\" data-widget_type=\"heading.default\">\n\t\t\t\t<div class=\"elementor-widget-container\">\n\t\t\t<h4 class=\"elementor-heading-title elementor-size-default\">Escribenos un e-mail o ll\u00e1manos<\/h4>\t\t<\/div>\n\t\t\t\t<\/div>\n\t\t\t\t<div class=\"elementor-element elementor-element-6c52483 elementor-invisible elementor-widget elementor-widget-text-editor\" data-id=\"6c52483\" data-element_type=\"widget\" data-settings=\"{&quot;_animation&quot;:&quot;fadeInLeft&quot;}\" data-widget_type=\"text-editor.default\">\n\t\t\t\t<div class=\"elementor-widget-container\">\n\t\t\t\t\t\t\t<p><span style=\"color: #ffffff;\">ventas@armanjuegosyparques.com\u00a0<\/span><\/p><p><span style=\"color: #ffffff;\">Tel\u00e9fono : 3044023878 &#8211; 3182671734<\/span><\/p><p><span style=\"color: #ffffff;\">Vis\u00edtanos en Suba Av. corpas 157 &#8211; 77\u00a0 int. 1<\/span><\/p>\t\t\t\t\t\t<\/div>\n\t\t\t\t<\/div>\n\t\t\t\t\t<\/div>\n\t\t<\/div>\n\t\t\t\t<div class=\"elementor-column elementor-col-50 elementor-top-column elementor-element elementor-element-51d3e7e\" data-id=\"51d3e7e\" data-element_type=\"column\" data-settings=\"{&quot;background_background&quot;:&quot;classic&quot;}\">\n\t\t\t<div class=\"elementor-widget-wrap elementor-element-populated\">\n\t\t\t\t\t\t<div class=\"elementor-element elementor-element-3d58160 elementor-shape-square elementor-grid-0 e-grid-align-center elementor-invisible elementor-widget elementor-widget-social-icons\" data-id=\"3d58160\" data-element_type=\"widget\" data-settings=\"{&quot;_animation&quot;:&quot;fadeInRight&quot;}\" data-widget_type=\"social-icons.default\">\n\t\t\t\t<div class=\"elementor-widget-container\">\n\t\t\t\t\t<div class=\"elementor-social-icons-wrapper elementor-grid\">\n\t\t\t\t\t\t\t<span class=\"elementor-grid-item\">\n\t\t\t\t\t<a class=\"elementor-icon elementor-social-icon elementor-social-icon-facebook-f elementor-repeater-item-72f6e4b\" href=\"https:\/\/www.facebook.com\/Arman-juegos-y-parques-101636018269912\" target=\"_blank\" rel=\"nofollow\">\n\t\t\t\t\t\t<span class=\"elementor-screen-only\">Facebook-f<\/span>\n\t\t\t\t\t\t<i class=\"fab fa-facebook-f\"><\/i>\t\t\t\t\t<\/a>\n\t\t\t\t<\/span>\n\t\t\t\t\t\t\t<span class=\"elementor-grid-item\">\n\t\t\t\t\t<a class=\"elementor-icon elementor-social-icon elementor-social-icon-instagram elementor-repeater-item-73f8653\" href=\"https:\/\/www.instagram.com\/armanparquesinfantiles\/\" target=\"_blank\" rel=\"nofollow\">\n\t\t\t\t\t\t<span class=\"elementor-screen-only\">Instagram<\/span>\n\t\t\t\t\t\t<i class=\"fab fa-instagram\"><\/i>\t\t\t\t\t<\/a>\n\t\t\t\t<\/span>\n\t\t\t\t\t<\/div>\n\t\t\t\t<\/div>\n\t\t\t\t<\/div>\n\t\t\t\t<div class=\"elementor-element elementor-element-0202bad elementor-widget elementor-widget-heading\" data-id=\"0202bad\" data-element_type=\"widget\" data-widget_type=\"heading.default\">\n\t\t\t\t<div class=\"elementor-widget-container\">\n\t\t\t<h2 class=\"elementor-heading-title elementor-size-default\">Siguenos<\/h2>\t\t<\/div>\n\t\t\t\t<\/div>\n\t\t\t\t\t<\/div>\n\t\t<\/div>\n\t\t\t\t\t<\/div>\n\t\t<\/section>\n\t\t\t\t<\/div>\n\t\t","protected":false},"excerpt":{"rendered":"<p>Juegos de Cuerdas para parques infantiles Son juegos infantiles que se presentan en distintos grados de dificultad, adaptados a diversas edades, poniendo a prueba su<a href=\"https:\/\/armanjuegosyparques.com\/index.php\/juego-de-cuerdas\/\" class=\"more-link\">Read More<i class=\"fa fa-arrow-right\"><\/i><\/a><\/p>\n","protected":false},"author":2,"featured_media":0,"parent":0,"menu_order":0,"comment_status":"closed","ping_status":"closed","template":"elementor_header_footer","meta":{"footnotes":""},"class_list":["post-285","page","type-page","status-publish","hentry"],"_links":{"self":[{"href":"https:\/\/armanjuegosyparques.com\/index.php\/wp-json\/wp\/v2\/pages\/285"}],"collection":[{"href":"https:\/\/armanjuegosyparques.com\/index.php\/wp-json\/wp\/v2\/pages"}],"about":[{"href":"https:\/\/armanjuegosyparques.com\/index.php\/wp-json\/wp\/v2\/types\/page"}],"author":[{"embeddable":true,"href":"https:\/\/armanjuegosyparques.com\/index.php\/wp-json\/wp\/v2\/users\/2"}],"replies":[{"embeddable":true,"href":"https:\/\/armanjuegosyparques.com\/index.php\/wp-json\/wp\/v2\/comments?post=285"}],"version-history":[{"count":27,"href":"https:\/\/armanjuegosyparques.com\/index.php\/wp-json\/wp\/v2\/pages\/285\/revisions"}],"predecessor-version":[{"id":914,"href":"https:\/\/armanjuegosyparques.com\/index.php\/wp-json\/wp\/v2\/pages\/285\/revisions\/914"}],"wp:attachment":[{"href":"https:\/\/armanjuegosyparques.com\/index.php\/wp-json\/wp\/v2\/media?parent=285"}],"curies":[{"name":"wp","href":"https:\/\/api.w.org\/{rel}","templated":true}]}}